432?
True
Is 137 a factor of 3095945?
False
Does 17 divide 1074895?
False
Is 207 a factor of 2540097?
True
Is 324567 a multiple of 27?
True
Does 16 divide 289699?
False
Is 28122 a multiple of 76?
False
Does 72 divide 1035103?
False
Does 19 divide 59945?
True
Is 268415 a multiple of 4?
False
Is 127190 a multiple of 14?
True
Does 39 divide 493129?
False
Is 261936 a multiple of 36?
True
Is 1798720 a multiple of 616?
True
Does 94 divide 721168?
True
Does 103 divide 358646?
True
Does 58 divide 19256?
True
Is 61 a factor of 825078?
False
Is 66420 a multiple of 82?
True
Is 41984 a multiple of 82?
True
Is 82 a factor of 5230?
False
Is 59 a factor of 213757?
True
Does 110 divide 458260?
True
Is 9235556 a multiple of 68?
True
Does 1884 divide 11509356?
True
Does 80 divide 6015348?
False
Is 380 a factor of 90509?
False
Does 32 divide 4823421?
False
Is 13 a factor of 14234363?
True
Is 11 a factor of 1316601?
True
Does 84 divide 16056348?
True
Does 72 divide 116635?
False
Is 18 a factor of 1049670?
True
Is 156200 a multiple of 110?
True
Does 6 divide 23004?
True
Is 144007 a multiple of 59?
False
Does 221 divide 387422?
False
Is 57 a factor of 149853?
True
Is 89 a factor of 16465?
True
Is 222888 a multiple of 5?
False
Is 39 a factor of 105580?
False
Does 122 divide 956724?
True
Is 1787677 a multiple of 11?
False
Is 294 a factor of 2050393?
False
Is 6 a factor of 8554206?
True
Is 367 a factor of 2274666?
True
Does 25 divide 186976?
False
Is 482034 a multiple of 74?
False
Is 3941793 a multiple of 9?
True
Is 77832 a multiple of 139?
False
Does 2 divide 74267?
False
Does 19 divide 935843?
False
Is 780444 a multiple of 76?
True
Does 2 divide 85910?
True
Is 20 a factor of 3024600?
True
Is 56 a factor of 8809773?
False
Does 10 divide 783079?
False
Is 61465 a multiple of 95?
True
Does 5 divide 81817?
False
Does 5 divide 1211356?
False
Is 12 a factor of 55506?
False
Is 260 a factor of 8265140?
True
Is 37 a factor of 77227?
False
Does 112 divide 819441?
False
Does 170 divide 17085?
False
Is 88 a factor of 88?
True
Is 116 a factor of 3509055?
False
Does 82 divide 3464279?
False
Does 37 divide 2107907?
False
Does 223 divide 6469007?
True
Is 41643 a multiple of 9?
True
Does 61 divide 5490976?
True
Is 335 a factor of 393568?
False
Does 104 divide 53175?
False
Does 174 divide 295242?
False
Does 3 divide 5339076?
True
Is 12830 a multiple of 5?
True
Is 272 a factor of 885360?
True
Is 25391 a multiple of 5?
False
Is 55629 a multiple of 6?
False
Is 14 a factor of 2760506?
True
Does 8 divide 183081?
False
Is 26970384 a multiple of 196?
True
Is 14 a factor of 43903?
False
Does 273 divide 232869?
True
Does 340 divide 3541779?
False
Is 33 a factor of 3477711?
False
Does 87 divide 47154?
True
Is 29 a factor of 291798?
True
Is 7224651 a multiple of 4?
False
Is 7 a factor of 527121?
True
Is 2163821 a multiple of 11?
True
Is 920 a factor of 350363?
False
Does 86 divide 1893822?
False
Is 648 a factor of 12675528?
True
Is 6 a factor of 46373?
False
Is 9 a factor of 2086228?
False
Is 12 a factor of 100980?
True
Is 18 a factor of 135808?
False
Is 103599 a multiple of 27?
True
Is 136475 a multiple of 265?
True
Does 24 divide 8177103?
False
Is 375 a factor of 4875?
True
Is 345 a factor of 673095?
True
Is 42098 a multiple of 11?
False
Is 40 a factor of 832400?
True
Is 18 a factor of 3315020?
False
Does 70 divide 540939?
False
Does 120 divide 248096?
False
Does 4 divide 404?
True
Does 43 divide 159014?
True
Is 1239315 a multiple of 1155?
True
Does 10 divide 3235220?
True
Is 27311 a multiple of 31?
True
Is 398277 a multiple of 2?
False
Is 1314 a multiple of 36?
False
Is 14 a factor of 114964?
False
Is 12 a factor of 3481770?
False
Is 4838940 a multiple of 86?
False
Is 70080 a multiple of 73?
True
Is 2108200 a multiple of 20?
True
Is 14 a factor of 524786?
False
Does 65 divide 137280?
True
Does 63 divide 3536150?
False
Is 447971 a multiple of 50?
False
Does 112 divide 472174?
False
Does 17 divide 293794?
True
Does 368 divide 2092816?
True
Does 77 divide 2047588?
False
Is 111 a factor of 30075?
False
Does 86 divide 28466?
True
Is 299322 a multiple of 3?
True
Is 24 a factor of 14993?
False
Is 292187 a multiple of 49?
True
Is 44640 a multiple of 60?
True
Does 275 divide 409750?
True
Is 22 a factor of 916796?
False
Does 14 divide 4774966?
True
Does 116 divide 11015012?
True
Does 5 divide 165498?
False
Is 7 a factor of 13601?
True
Does 379 divide 464654?
True
Is 139 a factor of 4746888?
False
Is 287145 a multiple of 161?
False
Is 64 a factor of 90240?
True
Does 57 divide 449035?
False
Does 19 divide 30172?
True
Does 335 divide 1605655?
True
Is 10 a factor of 1232390?
True
Is 113238 a multiple of 18?
True
Does 3 divide 1524?
True
Is 92818 a multiple of 199?
False
Is 1764 a multiple of 21?
True
Is 36544 a multiple of 153?
False
Is 561477 a multiple of 537?
False
Does 2 divide 113436?
True
Does 22 divide 739483?
False
Is 20 a factor of 5146580?
True
Does 95 divide 772540?
True
Does 51 divide 36669?
True
Does 22 divide 1201877?
False
Is 517 a factor of 251262?
True
Is 212544 a multiple of 324?
True
Does 136 divide 646272?
True
Is 14 a factor of 190282?
False
Does 899 divide 12519474?
True
Is 10 a factor of 116609?
False
Is 43 a factor of 6967548?
True
Is 29444 a multiple of 34?
True
Is 945013 a multiple of 146?
False
Is 6777630 a multiple of 15?
True
Is 46 a factor of 5272704?
True
Is 25 a factor of 61525?
True
Is 44786 a multiple of 49?
True
Is 544928 a multiple of 122?
False
Is 23320 a multiple of 55?
True
Is 53 a factor of 2715879?
True
Is 128 a factor of 125312?
True
Does 473 divide 2860704?
True
Does 569 divide 39830?
True
Does 15 divide 304860?
True
Does 18 divide 237183?
False
Does 17 divide 65733?
False
Is 46 a factor of 159953?
False
Is 355342 a multiple of 60?
False
Is 654 a factor of 379320?
True
Is 559 a factor of 25037324?
False
Is 246006 a multiple of 28?
False
Is 4 a factor of 27448?
True
Is 295 a factor of 12488530?
True
Does 104 divide 1382071?
False
Is 83 a factor of 386299?
False
Is 19 a factor of 533568?
False
Is 59 a factor of 463032?
True
Is 416 a factor of 319541?
False
Is 2 a factor of 111959?
False
Is 388 a factor of 7447660?
True
Does 62 divide 535060?
True
Does 27 divide 1208494?
False
Does 6 divide 11154?
True
Is 1633 a factor of 4236002?
True
Is 4 a factor of 277027?
False
Is 76 a factor of 4889?
False
Does 296 divide 478623?
False
Does 60 divide 10066972?
False
Is 4014852 a multiple of 486?
False
Is 17 a factor of 43562276?
False
Is 2130 a multiple of 71?
True
Does 107 divide 4409691?
False
Is 9926711 a multiple of 125?
False
Is 2070146 a multiple of 269?
False
Does 150 divide 673800?
True
Is 7 a factor of 10327498?
False
Is 23 a factor of 704651?
True
Is 246 a factor of 531538?
False
Is 978 a factor of 1966758?
True
Does 20 divide 620732?
False
Does 1108 divide 29947?
False
Is 3039397 a multiple of 4?
False
Is 19 a factor of 123405?
True
Does 1065 divide 9765621?
False
Is 210 a factor of 160949?
False
Is 5 a factor of 3487?
False
Does 20 divide 19420?
True
Is 1512812 a multiple of 21?
False
Is 4 a factor of 1423688?
True
Is 822563 a multiple of 35?
False
Is 51 a factor of 2552913?
False
Is 6561688 a multiple of 881?
True
Is 32798 a multiple of 23?
True
Does 191 divide 19606546?
False
Is 185 a factor of 389240?
True
Is 1152 a multiple of 3?
True
Is 50 a factor of 341450?
True
Is 156216 a multiple of 552?
True
Is 62 a factor of 208929?
False
Is 146789 a multiple of 229?
True
Is 274 a factor of 143554?
False
Does 42 divide 100044?
True
Does 15 divide 3987118?
False
Is 12 a factor of 121896?
True
Does 47 divide 2538141?
True
Does 349 divide 298341?
False
Does 47 divide 127111?
False
Is 234 a factor of 7267079?
False
Is 10660 a multiple of 7?
False
Does 27 divide 6921720?
True
Is 229 a factor of 185716?
False
Is 16 a factor of 321792?
True
Does 15 divide 24516?
False
Is 49185 a multiple of 260?
False
Is 273962 a multiple of 206?
False
Does 29 divide 4055244?
True
Is 9390 a multiple of 8?
False
Does 9 divide 51984?
True
Is 1296185 a multiple of 38?
False
Is 4 a factor of 73016?
True
Is 17950 a multiple of 13?
False
Is 8305925 a multiple of 17?
False
Does 49 divide 146706?
True
Is 88960 a multiple of 8?
True
Is 3 a factor of 1565?
False
Is 8859876 a multiple of 683?
True
Do